{"version":"1.0","provider_name":"Association des apiculteurs du Pays de Brisach","provider_url":"https:\/\/www.ruchervauban.fr","author_name":"Nicolas","author_url":"https:\/\/www.ruchervauban.fr\/index.php\/author\/gretillat-nicolas\/","title":"Rappel pour le Traitement - Association des apiculteurs du Pays de Brisach","type":"rich","width":600,"height":338,"html":"<blockquote class=\"wp-embedded-content\" data-secret=\"nUAsFlWXXf\"><a href=\"https:\/\/www.ruchervauban.fr\/index.php\/rappel-pour-le-traitement\/\">Rappel pour le Traitement<\/a><\/blockquote><iframe sandbox=\"allow-scripts\" security=\"restricted\" src=\"https:\/\/www.ruchervauban.fr\/index.php\/rappel-pour-le-traitement\/embed\/#?secret=nUAsFlWXXf\" width=\"600\" height=\"338\" title=\"\u00ab\u00a0Rappel pour le Traitement\u00a0\u00bb &#8212; Association des apiculteurs du Pays de Brisach\" data-secret=\"nUAsFlWXXf\" frameborder=\"0\" marginwidth=\"0\" marginheight=\"0\" scrolling=\"no\" class=\"wp-embedded-content\"><\/iframe><script>\n\/*! This file is auto-generated *\/\n!function(d,l){\"use strict\";l.querySelector&&d.addEventListener&&\"undefined\"!=typeof URL&&(d.wp=d.wp||{},d.wp.receiveEmbedMessage||(d.wp.receiveEmbedMessage=function(e){var t=e.data;if((t||t.secret||t.message||t.value)&&!\/[^a-zA-Z0-9]\/.test(t.secret)){for(var s,r,n,a=l.querySelectorAll('iframe[data-secret=\"'+t.secret+'\"]'),o=l.querySelectorAll('blockquote[data-secret=\"'+t.secret+'\"]'),c=new RegExp(\"^https?:$\",\"i\"),i=0;i<o.length;i++)o[i].style.display=\"none\";for(i=0;i<a.length;i++)s=a[i],e.source===s.contentWindow&&(s.removeAttribute(\"style\"),\"height\"===t.message?(1e3<(r=parseInt(t.value,10))?r=1e3:~~r<200&&(r=200),s.height=r):\"link\"===t.message&&(r=new URL(s.getAttribute(\"src\")),n=new URL(t.value),c.test(n.protocol))&&n.host===r.host&&l.activeElement===s&&(d.top.location.href=t.value))}},d.addEventListener(\"message\",d.wp.receiveEmbedMessage,!1),l.addEventListener(\"DOMContentLoaded\",function(){for(var e,t,s=l.querySelectorAll(\"iframe.wp-embedded-content\"),r=0;r<s.length;r++)(t=(e=s[r]).getAttribute(\"data-secret\"))||(t=Math.random().toString(36).substring(2,12),e.src+=\"#?secret=\"+t,e.setAttribute(\"data-secret\",t)),e.contentWindow.postMessage({message:\"ready\",secret:t},\"*\")},!1)))}(window,document);\n\/\/# sourceURL=https:\/\/www.ruchervauban.fr\/wp-includes\/js\/wp-embed.min.js\n<\/script>\n","description":"\u00a0\u00a0 Bonjour \u00e0 toutes et \u00e0 tous. \u00a0 La saison Apicole tire \u00e0 sa fin. \u00a0 Ceux qui ont fait le choix de participer au concours ont d\u00e9pos\u00e9 leurs derniers \u00e9chantillons. \u00a0 D&rsquo;autres, ou les m\u00eames ont d\u00e9j\u00e0 commenc\u00e9 \u00e0 nettoyer et \u00e0 remiser leurs hausses. \u00a0 Il reste cependant une chose importante \u00e0 faire&#8230;&hellip;&nbsp;Lire la suite &raquo;","thumbnail_url":"http:\/\/www.ruchervauban.fr\/wp-content\/uploads\/2025\/02\/Etiquetage-Simple.jpeg"}

Bonjour à toutes et à tous.   La saison Apicole tire à sa fin.   Ceux qui ont fait le choix de participer au concours ont déposé leurs derniers échantillons.   D&rsquo;autres, ou les mêmes ont déjà commencé à nettoyer et à remiser leurs hausses.   Il reste cependant une chose importante à faire&#8230;&hellip;&nbsp;Lire la suite &raquo;
